(-273))/(d/154)?
2, 11, 13
Suppose -4*p - 26 = -2*g, -5 + 51 = 3*g + p. List the prime factors of (-105)/g + (77 - 2).
2, 17
Suppose -3*l - 29186 = -93230. What are the prime factors of l?
2, 3, 593
Let n(g) be the first derivative of -5 - 1/2*g**2 + 36*g. List the prime factors of n(0).
2, 3
Suppose -29*m + 31*m = -320. Let x(u) = 38*u**3 + u**2 + 2*u. Let h be x(-2). Let y = m - h. List the prime factors of y.
2, 3
List the prime factors of 8/44 - (-107633)/11.
5, 19, 103
Suppose -6*j + 0*j - 10716 = -10*j. What are the prime factors of j?
3, 19, 47
Let z(r) = -2*r - 3. Let c(i) be the second derivative of -i**3/6 - 3*i. Let o(n) = 5*c(n) + z(n). What are the prime factors of o(-12)?
3
Let r(j) = 264*j + 252. Let z(v) = 4092*v + 3905. Let l(x) = 77*r(x) - 5*z(x). List the prime factors of l(-6).
11, 61
List the prime factors of ((-990)/(-8) - 0)/((-3)/(-184)).
2, 3, 5, 11, 23
Let v = 259 - 109. Suppose 148*g + 194 = v*g. List the prime factors of g.
97
Suppose 47*s = 496 + 209. Let i(w) = w**3 - 9*w**2 + 16*w - 41. List the prime factors of i(s).
1549
Let s = 103409 - 69458. List the prime factors of s.
3, 11317
Let y(w) = w**3 - 12*w**2 - 11*w - 25. Let q be (10 - (4 + -2)) + 6. What are the prime factors of y(q)?
3, 71
Let q(x) = -x**3 - 47*x**2 - 673*x - 60. What are the prime factors of q(-36)?
2, 3, 7, 59
Let v(u) be the second derivative of u**6/72 + u**5/30 + 3*u**4/4 + 12*u. Let i(t) be the third derivative of v(t). List the prime factors of i(3).
2, 17
Let p be ((-6)/10)/(-1) - 21492/270. Let n = 213 + -47. Let q = n + p. What are the prime factors of q?
3, 29
Let y = 9698 - 5786. Suppose -3*b = s - 1743, y = 5*b + 5*s + 997. List the prime factors of b.
2, 5, 29
Let i(u) = 712*u - 3161. List the prime factors of i(11).
3, 173
Let h(b) = 12*b**3 - 8*b**2 + 6*b - 147. What are the prime factors of h(8)?
11, 503
List the prime factors of (((-6437)/(-2))/1)/(574/2296).
2, 41, 157
Let h = 78762 + -43088. What are the prime factors of h?
2, 17837
Let b = 22944 + -15488. What are the prime factors of b?
2, 233
Suppose 684916 - 236338 = 81*x. What are the prime factors of x?
2, 3, 13, 71
Let u(i) = i**3 - 2*i**2 - 3*i - 3. Let d be u(4). Suppose -3*y - w = -9, w + 12 = -3*w. Suppose y*s = 3*c + 2, -c = -3*c - s + d. List the prime factors of c.
2, 3
Let k be (3 + (-459)/6)*(-24)/14. Suppose k*j + 15168 = 134*j. List the prime factors of j.
2, 3, 79
Suppose -659*n + 651*n = -35656. List the prime factors of n.
4457
What are the prime factors of (-2)/(((-135)/126)/(-15))*5832/(-7)?
2, 3
Let p be (2820/(-80))/(2/24). Let a = -248 - p. What are the prime factors of a?
5, 7
Let m = 34 + -114. Let n = m - -71. List the prime factors of (1055/(-15))/(3/n).
211
Let d be 4 + -7 + 1*36. Suppose d = 4*s + 7*s. Suppose s*t = -t + 5*j + 241, 0 = -2*j - 10. What are the prime factors of t?
2, 3
Suppose -s - s - 20 = -5*z, -3*z = 4*s - 12. Let j = -2195 + 2289. Suppose -5*d - 5*f + z*f = -j, -80 = -4*d + 4*f. What are the prime factors of d?
19
Suppose 0 = 3*t + 24, -3*t + 7653 + 56865 = 2*b. What are the prime factors of b?
3, 31, 347
Let o = -14836 + 33120. What are the prime factors of o?
2, 7, 653
Suppose 38 = 3*u - 742. Suppose 0*b - 3*b + 197 = m, 0 = -4*b - 4*m + u. List the prime factors of b.
2, 3, 11
Let d be (12/(-10))/(129/1720). List the prime factors of 438/3*(-192)/d.
2, 3, 73
Let u(o) = o**3 + 11*o**2 - 7*o - 27. Suppose -7*f = -2*f - 4*r + 61, f - 4*r = -25. What are the prime factors of u(f)?
2, 3, 11
Suppose 695 - 101 = -8*g + 10*g. What are the prime factors of g?
3, 11
Let f(w) = 4*w**3 + w**2 + 3*w + 24. Suppose 42*h = 52 + 200. What are the prime factors of f(h)?
2, 3, 157
Let l = 93 + 2738. Suppose -x - t + 1411 = 0, -2*x + l - 6 = -t. List the prime factors of x.
2, 353
Suppose -4*w + 21 = 5. Let g be -2*(-18 - -5) - -6. List the prime factors of (-2)/((w/g)/((-21)/12)).
2, 7
Let p = 25 - 52. Let n be (9/p)/((-3)/360). Suppose -2*t + 274 + n = 0. What are the prime factors of t?
157
Let n(j) = 7*j**2 + 4*j - 1. Let q be n(-4). Let z = -93 + q. Suppose 0 = -z*m + 71 + 69. List the prime factors of m.
2, 5, 7
Let z(h) = 13*h**2 + 20*h + 148. What are the prime factors of z(-35)?
15373
Let u(r) = 110*r**3 - 2*r + 2. Let d = 85 - 74. Suppose 2*q + 2*o - 5 + d = 0, 2*q + 4*o + 14 = 0. What are the prime factors of u(q)?
2, 5, 11
Let p = -16 + 18. Suppose -b - 35 = -4*t + p*b, -4*b = -3*t + 35. Suppose -t*q - 32 = -192. What are the prime factors of q?
2
Let d(y) = 30*y + 242. Let l be d(30). Suppose -l*p + 11250 = -1136*p. What are the prime factors of p?
3, 5
Suppose -s - 4*x = 70156, 3*s - 4*x + 232613 - 22097 = 0. List the prime factors of (s/(-147))/((-4)/(-6)).
2, 179
Suppose 896831 = -266*m + 2037992 + 1325457. What are the prime factors of m?
3, 11, 281
Let c = 72 - 73. What are the prime factors of (-1)/c - 880/((-20)/4)?
3, 59
Suppose -5*b - 113 = -f - 9, b + 368 = 3*f. Let o(r) = -136*r + 2 - 13 + f*r + 65. List the prime factors of o(-16).
2, 3, 41
What are the prime factors of (-1724796)/(-33) - 7/((-462)/(-36))?
2, 3, 31, 281
Let h be (224 - 8) + 0/4. List the prime factors of h/(-15)*(-650)/15.
2, 3, 13
Suppose 0 = -48*d + 37*d + 79717. Suppose 527 = -15*p + d. What are the prime factors of p?
2, 7
Let m(j) = -131*j**3 - 28*j**2 - 104*j - 10. List the prime factors of m(-4).
2, 43, 97
Let a = 4347 + -2912. List the prime factors of a.
5, 7, 41
Let y(m) = 329*m**2 + 9*m - 12. Let i(j) = -164*j**2 - 4*j + 5. Let s(q) = -9*i(q) - 4*y(q). What are the prime factors of s(2)?
643
Let q = 10 + -2. Suppose -2*j = 3*i - 44, 4*j - 32 - q = -2*i. Suppose 0 = -3*f + 7*f + i, x = 5*f + 44. What are the prime factors of x?
29
Suppose -115*u + 143603 + 1023417 = 0. List the prime factors of u.
2, 43, 59
Let x = 6875 - 529. What are the prime factors of x?
2, 19, 167
Suppose 85*v + 28110 = 195560. What are the prime factors of v?
2, 5, 197
Suppose -90*f + 92*f - 4 = 0. List the prime factors of 0 - 422*f*(-7)/7.
2, 211
Let t(a) = a**3 - 2*a**2 + 3. Let y be t(0). Suppose 0 = -y*m - 443 + 2858. List the prime factors of m.
5, 7, 23
Let x = -533 + -132. Let q = -415 - x. Suppose 4*k + k - q = 0. What are the prime factors of k?
2, 5
List the prime factors of (1 + 4750)/(-8 - (12/12 + -10)).
4751
Suppose z - 28 + 25 = 0. Suppose -3*k + z = -78. Let p = k - -26. List the prime factors of p.
53
Let j be (-2)/(-7) - (-8)/196*-7. Suppose -2*n = -b + 15, j*n + 5*b = 3*n + 26. List the prime factors of (n - -3 - -133) + 1.
2, 5, 13
Let c(z) = 2*z**2 + 5*z + 6. Suppose 0 = l + 2*l + 2*g + 37, -12 = -3*g. Let w be 2/(-6) - 80/l. What are the prime factors of c(w)?
3
Let d be 4/4 + 1 + -2 + 23. Suppose 7 = -4*c + d. Suppose -168 = -3*v + 5*i, -159 = -3*v + c*i - 2*i. What are the prime factors of v?
3, 17
Let r(f) = f**2 + 1. Let v(t) = -2*t**2 - 16*t - 22. Let n(s) = -5*r(s) - v(s). List the prime factors of n(6).
5
Let u be 161 + 41 + -1 + -2. Let c(x) = 11*x + 2. Let q be c(4). Let i = u - q. List the prime factors of i.
3, 17
Let b = 292 + 52. Let q = 1309 - b. List the prime factors of q.
5, 193
Suppose -4*s + 0*b = 3*b - 29, -41 = -5*s + b. Let i = 18 - s. What are the prime factors of (-155)/(-2)*8/i?
2, 31
Let i be 15*(3 + 22/(-10)). Let x be (8/10)/(-2) - i/(-5). Suppose 0 = -5*u + x*y - 6*y + 1124, -4*u - 5*y + 892 = 0. What are the prime factors of u?
2, 3, 19
Suppose -2*f - 2*f + o - 240 = 0, 5*f + 300 = -5*o. Suppose -7*v + 2*v = -1000. Let a = f + v. What are the prime factors of a?
2, 5, 7
Let u = 317 - 304. Let d(c) = 3*c**2 + 8*c - 1. What are the prime factors of d(u)?
2, 5, 61
Let y = 165 + -165. Suppose -r = -3*r + 3*d + 587, y = 3*r - 5*d - 880. What are the prime factors of r?
5, 59
Suppose -10234 = 36*k - 53*k. Let d = k + -196. What are the prime factors of d?
2, 7, 29
Suppose -40 + 115 = -5*p. Let n be ((-15)/p)/(1 + -1 + -1). Let b(k) = -36*k - 3. What are the prime factors of b(n)?
3, 11
Let y(n) = 7*n**2 + 4*n - 3. Let v = 203 + -208. List the prime factors of y(v).
2, 19
Let k(l) = -131*l**3 - 10*l**2 + 9*l + 16. What are the prime factors of k(-8)?
2, 8297
Suppose 73721 = 10*a - 7*a - 2*f, 319559 = 13*a + 4*f. What are the prime factors of a?
3, 2731
Let z(d) = -d - 11. Let l be (5/(-10))/((-1)/(-22)). Let h be z(